{"id":5,"date":"2022-02-18T20:46:01","date_gmt":"2022-02-18T20:46:01","guid":{"rendered":"https:\/\/www.zdenekvirt.cz\/?page_id=5"},"modified":"2022-02-18T20:46:01","modified_gmt":"2022-02-18T20:46:01","slug":"uvod","status":"publish","type":"page","link":"https:\/\/www.zdenekvirt.cz\/","title":{"rendered":"\u00davod"},"content":{"rendered":"\n<p>Zden\u011bk Virt se narodil 2.11.1925 v Praze. V letech 1941-44<br>studoval St\u00e1tn\u00ed grafickou \u0161kolu. Za protektor\u00e1tu byl tot\u00e1ln\u011b<br>nasazen. V letech 1945-50 pokra\u010doval ve studiu na V\u0160\u00daP v Praze<br>v ateli\u00e9ru Franti\u0161ka Tich\u00e9ho. Po\u010d\u00e1tkem pades\u00e1t\u00fdch let absolvoval<br>vojenskou slu\u017ebu. Pot\u00e9 vstoupil do spolku v\u00fdtvarn\u00fdch um\u011blc\u016f<br>(tzv.Beseda). Od poloviny pades\u00e1t\u00fdch let pravideln\u011b uve\u0159ej\u0148oval<br>\u017e\u00e1nrov\u00e9 sn\u00edmky, akty od poloviny \u0161edes\u00e1t\u00fdch let publikoval i<br>zahrani\u010d\u00ed. Ilustroval knihy a pracoval i pro \u010dasopis Sv\u011btov\u00e1<br>literatura. V\u00fdstavou grafik a fotografick\u00fdch akt\u016f se poprv\u00e9<br>p\u0159edstavil roku 1963 v Divadle E. F. Buriana. Jeho fotografie byly<br>pou\u017eity v hran\u00fdch filmech pod re\u017ei\u00ed V.\u010cecha a J.Krej\u010d\u00edka. Cel\u00e1<br>\u0161edes\u00e1t\u00e1 l\u00e9ta publikoval v lond\u00fdnsk\u00e9 ro\u010dence Photography Year<br>Book. Roku 1967 byl v nakladatelstv\u00ed Orbis vyd\u00e1n soubor foto<br>pohlednic &#8222;Akty Zde\u0148ka Virta&#8220;. Soubor je pova\u017eov\u00e1n za klasiku<br>\u017e\u00e1nru a byl i zahrnut do zahrani\u010dn\u00edch publikac\u00ed. Roku 1970 vy\u0161la<br>souhrnn\u00e1 pr\u00e1ce &#8222;Zden\u011bk Virt: Op-art Akte&#8220;. Kniha obsahuje 96<br>fotografi\u00ed, kter\u00e9 autor v textu detailn\u011b komentoval.<br>Op-art byl jednou z odno\u017e\u00ed geometrick\u00e9 abstrakce, kter\u00e1<br>pracovala i s poznatky z v\u011bdeck\u00fdch obor\u016f optiky a psychologie.<br>Zden\u011bk Virt fotografie akt\u016f upravoval pomoc\u00ed projekc\u00ed, rastr\u016f a<br>s\u00edt\u00ed, \u010d\u00edm\u017e doc\u00edlil v\u00fdjime\u010dn\u00e9 vizu\u00e1ln\u00ed \u010distoty. Ve fotografick\u00fdch<br>kompozic\u00edch uplatnil i sv\u00e9 grafick\u00e9 vzd\u011bl\u00e1n\u00ed, spojovaly exaktnost<br>v\u011bdy s erotick\u00fdm nap\u011bt\u00edm. V \u00favodu knihy &#8222;Op-art Akte&#8220; je<br>av\u00edzov\u00e1no, \u017ee autor p\u0159ipravuje dal\u0161\u00ed publikaci&#8220; Psychedelic-Art&#8220;.<br>Zm\u011bna politick\u00fdch pom\u011br\u016f v \u010cSR na po\u010d\u00e1tku sedmdes\u00e1t\u00fdch let a<br>n\u00e1stup normalizace znemo\u017enily nejen jej\u00ed vyd\u00e1n\u00ed, ale i dal\u0161\u00ed<br>publikov\u00e1n\u00ed fotografi\u00ed s t\u00e9matem aktu.<br>V n\u00e1sleduj\u00edc\u00edm obdob\u00ed se autor v\u011bnoval grafick\u00e9 tvorb\u011b, nad\u00e1le<br>ilustroval knihy, ale i tvorb\u011b filmov\u00fdch plak\u00e1t\u016f, kde spojoval<br>grafick\u00e9 a fotografick\u00e9 techniky, fotomont\u00e1\u017ee a kol\u00e1\u017ee. V\u011bnoval se<br>i reklamn\u00ed fotografii, do kter\u00e9 vn\u00e1\u0161el um\u011bleckou str\u00e1nku<br>prezentace v\u00fdrobk\u016f.V letech 1967 &#8211; 90 byl jedn\u00edm z prvn\u00edch<br>pedagog\u016f nov\u011b vznikl\u00e9ho kabinetu fotografie na pra\u017esk\u00e9 FAMU.<br>Ztr\u00e1ta cel\u00e9ho souboru fotografi\u00ed v\u00fdstavy&#8220; L\u00e1ska&#8220;, kter\u00e1<br>prob\u011bhla ve Var\u0161av\u011b a Gda\u0148sku (1980-81), autora natolik<br>znechutila, \u017ee dal\u0161\u00ed mo\u017enosti v\u00fdstav ji\u017e striktn\u011b odm\u00edtal. V roce<br>stopades\u00e1t\u00e9ho v\u00fdro\u010d\u00ed vyn\u00e1lezu fotografie byl jeho medailon<br>za\u0159azen do v\u00fdstavy \u010ceskoslovensk\u00e1 fotografie 1945-89. Po<br>odchodu do d\u016fchodu se autor vr\u00e1til k mal\u00ed\u0159sk\u00fdm ko\u0159en\u016fm,<br>vytvo\u0159il cykly kreseb a des\u00edtky pl\u00e1ten.<br>V roce 2009 se konala v\u00fdstava fotografi\u00ed in memoriam Zden\u011bk<br>Virt Op-art pod patron\u00e1tem Um\u011bleckopr\u016fmyslov\u00e9ho muzea.<br>Mal\u00ed\u0159 a fotograf Zden\u011bk Virt zem\u0159el v Praze dne 30. 5.2008.<br>V tomto dom\u011b autor \u017eil a tvo\u0159il od roku 1959 a\u017e do sv\u00e9 smrti.<br>V ateli\u00e9ru v p\u00e1t\u00e9m pat\u0159e vytvo\u0159il vystavovan\u00e1 d\u00edla a interi\u00e9r<br>ateli\u00e9ru je vid\u011bt na n\u011bkolika vystavovan\u00fdch fotografi\u00edch. D\u016fm<br>v sou\u010dasn\u00e9 dob\u011b proch\u00e1z\u00ed rekonstrukc\u00ed, a proto byla rodina<br>nucena ateli\u00e9r opustit a rozb\u00edt tak neopakovatelnou atmosf\u00e9ru<br>tohoto m\u00edsta. P\u0159ijm\u011bte pros\u00edm tedy tuto malou vzpom\u00ednkovou<br>v\u00fdstavu jako symbolickou te\u010dku za p\u016fsoben\u00edm Zde\u0148ka Virta<br>v tomto dom\u011b.<\/p>\n","protected":false},"excerpt":{"rendered":"<p>Zden\u011bk Virt se narodil 2.11.1925 v Praze. V letech 1941-44studoval St\u00e1tn\u00ed grafickou \u0161kolu. Za protektor\u00e1tu byl tot\u00e1ln\u011bnasazen. V letech 1945-50 pokra\u010doval ve studiu na V\u0160\u00daP v Prazev ateli\u00e9ru Franti\u0161ka Tich\u00e9ho. Po\u010d\u00e1tkem pades\u00e1t\u00fdch let absolvovalvojenskou slu\u017ebu. Pot\u00e9 vstoupil do spolku v\u00fdtvarn\u00fdch &hellip; <a href=\"https:\/\/www.zdenekvirt.cz\/\">Cel\u00fd p\u0159\u00edsp\u011bvek <span class=\"meta-nav\">&rarr;<\/span><\/a><\/p>\n","protected":false},"author":1,"featured_media":0,"parent":0,"menu_order":0,"comment_status":"closed","ping_status":"closed","template":"","meta":{"ngg_post_thumbnail":0,"footnotes":""},"class_list":["post-5","page","type-page","status-publish","hentry"],"_links":{"self":[{"href":"https:\/\/www.zdenekvirt.cz\/index.php?rest_route=\/wp\/v2\/pages\/5","targetHints":{"allow":["GET"]}}],"collection":[{"href":"https:\/\/www.zdenekvirt.cz\/index.php?rest_route=\/wp\/v2\/pages"}],"about":[{"href":"https:\/\/www.zdenekvirt.cz\/index.php?rest_route=\/wp\/v2\/types\/page"}],"author":[{"embeddable":true,"href":"https:\/\/www.zdenekvirt.cz\/index.php?rest_route=\/wp\/v2\/users\/1"}],"replies":[{"embeddable":true,"href":"https:\/\/www.zdenekvirt.cz\/index.php?rest_route=%2Fwp%2Fv2%2Fcomments&post=5"}],"version-history":[{"count":1,"href":"https:\/\/www.zdenekvirt.cz\/index.php?rest_route=\/wp\/v2\/pages\/5\/revisions"}],"predecessor-version":[{"id":7,"href":"https:\/\/www.zdenekvirt.cz\/index.php?rest_route=\/wp\/v2\/pages\/5\/revisions\/7"}],"wp:attachment":[{"href":"https:\/\/www.zdenekvirt.cz\/index.php?rest_route=%2Fwp%2Fv2%2Fmedia&parent=5"}],"curies":[{"name":"wp","href":"https:\/\/api.w.org\/{rel}","templated":true}]}}